)/(o/(-336)).
2, 3, 5
Suppose -316*m + 2841037 = -33*m. What are the prime factors of m?
10039
Let q(w) = w**3 - w + 2. Let v be q(0). Suppose -7*t = v*t + 3384. Let m = t + 544. What are the prime factors of m?
2, 3, 7
Suppose -3*p + 2*a = -3236, 466*a - 5396 = -5*p + 468*a. What are the prime factors of p?
2, 3, 5
Suppose 2*h - 3*h + l = -2, -l - 8 = -4*h. Suppose 3*g + h*g = 3200. Suppose 0 = -5*j - 0*d - 5*d + g, 3*d - 511 = -4*j. List the prime factors of j.
127
List the prime factors of 84/105 + 46876/5.
2, 293
Suppose 131 = 4*h + 3*s, -h + 0*h + 26 = 3*s. List the prime factors of 8350/h + 12/(-21).
2, 7, 17
List the prime factors of (34968/(-620))/((-6)/460).
2, 23, 47
Let a be -902*(-3)/6 - -4. Let t = -307 + a. Let l = t + -100. List the prime factors of l.
2, 3
Suppose 31*x = 891090 - 7705 + 86543. What are the prime factors of x?
2, 3911
Let c(j) = -118*j**2 + 6*j + 8. Let i be c(4). Let d = i - -2726. What are the prime factors of d?
2, 3, 5, 29
Suppose k + 16 = 20. List the prime factors of -2*(k/6)/((-8)/834).
139
Suppose -2*p = -p - 2. Suppose -m - 3855 = -3*r, p*m = -0*r - 2*r + 2562. Suppose -5*c = 114 - r. List the prime factors of c.
2, 3, 13
Let u(w) = 42*w - 41. Let o be u(-8). Let a = o + 558. What are the prime factors of a?
181
Suppose r = -4*v + 20565, 0 = v + 2529*r - 2534*r - 5115. What are the prime factors of v?
2, 5, 257
Suppose l = -3*g + 1673, -3*l + 3*g + 2000 = -3007. List the prime factors of l.
2, 5, 167
Let v be -2 - 3/(3/(-20)). Suppose -y + v + 34 = 0. Let p = y + -30. List the prime factors of p.
2, 11
Let d = 2261 + -1074. Let g = -687 + d. What are the prime factors of g?
2, 5
Suppose -35*a + 40268 + 31202 = 0. Suppose -5*y + v = -3*v - a, -828 = -2*y - 4*v. What are the prime factors of y?
2, 5, 41
Let s(g) = g**2 + 4*g - 2. Suppose 10*d - 6*d = -24. Let j be s(d). Suppose 4*o + 174 = j*o. What are the prime factors of o?
29
Suppose 0 = -2*y + 2*i - 2, 2*y - y + 7 = 3*i. Suppose 0*j + 5*j + 21 = -3*p, -p - y = 0. List the prime factors of (-1 - (j + -1)) + 180/15.
3, 5
Let y(s) = s**3 - 24*s**2 + 8*s - 24. Let g be y(18). What are the prime factors of (-10)/35 + 5/((-70)/g)?
2, 5, 13
Suppose -157291 = -16*d + 3125. List the prime factors of d.
2, 3, 557
Let h be 5/(12 - -3) + (-241)/3. Let n = 72 - h. List the prime factors of n.
2, 19
Let z(u) = -26*u - 8. Suppose -7*t + 3*t + 20 = 0. Suppose 2*x = x + n, x + t*n + 24 = 0. What are the prime factors of z(x)?
2, 3
Let o be (23/(-5) - -4) + 7066/10. Suppose -2*p = -p - o. Suppose 5*m + 21 - p = 0. List the prime factors of m.
137
Suppose 2528015 = 132*i - 2185837. What are the prime factors of i?
13, 41, 67
Suppose x - 5029 + 1456 = 3*c, 5*x = 2*c + 17813. What are the prime factors of x?
3, 1187
List the prime factors of 532814/289*(-68)/(-4).
2, 15671
Let v(m) = 304*m + 545. List the prime factors of v(4).
3, 587
Let r = 69 + -182. Let i = 49 + r. Let k = 76 + i. List the prime factors of k.
2, 3
Let f(j) = j - 5. Let q be f(6). Let h(b) = 393*b**2 + 3*b - 2. List the prime factors of h(q).
2, 197
Suppose 2*o + 0*o + 2*p = 4, 0 = -2*o + 2*p + 8. Suppose o*s + 135 = 18*s. Suppose -s = -k + 64. What are the prime factors of k?
73
What are the prime factors of 26900/6*-10*18/(-120)?
5, 269
List the prime factors of 19357290/300 - (-54)/(-180).
2, 3, 19, 283
Suppose 34*w = 39*w + 4*h - 92323, -2*h - 6 = 0. What are the prime factors of w?
59, 313
Let r = -153 + 1387. Let s = -559 + r. What are the prime factors of s?
3, 5
Let i(q) = 493*q**2 + 5*q + 2. Let n(z) = -247*z**2 - 2*z - 1. Let g(p) = 3*i(p) + 7*n(p). Let m be g(1). Let f = 369 + m. List the prime factors of f.
7, 17
List the prime factors of (6 - 2) + (-4500)/27*-3.
2, 3, 7
Let o(g) be the second derivative of 13/3*g**3 + 0 - 17/2*g**2 + 18*g. What are the prime factors of o(4)?
3, 29
Suppose 5*r - 32 = -12. Suppose q - 30 = -r*q. Suppose z = q*z - 135. List the prime factors of z.
3
What are the prime factors of 65033199/1134 - (-1)/5*(-15)/(-6)?
57349
Let j(b) be the first derivative of b**4/2 - 2*b**3/3 - b**2/2 - 6*b - 1. Suppose 53*q = q + 260. List the prime factors of j(q).
3, 7
Let b be ((-6)/4 - -2)*70. Let h = b - -43. List the prime factors of h.
2, 3, 13
Let z(j) = 47*j**3 + 6*j + 8. Let r be z(-2). Let f = -65 - r. What are the prime factors of f?
3, 5, 7
Let m be (0 - 0)/(2 + 0). Let k(j) be the first derivative of -j**3/3 + 2*j**2 + 62*j + 67. List the prime factors of k(m).
2, 31
Let q(g) be the first derivative of -g**3 + 3*g**2 + 27*g - 15. Let j be q(11). Let t = j - -397. List the prime factors of t.
127
Let z = -90678 - -129650. List the prime factors of z.
2, 9743
Let n be (44/(-6)*4)/((-5)/735). Suppose 17*p - n = 6*p. List the prime factors of p.
2, 7
Suppose 2*o = -5*p + 452, -o + 4 = -2*o. Suppose 4*m - 3*q = 92, 0*m + 4*m + q = p. Let j = m + -6. What are the prime factors of j?
17
Suppose -7722*y + 7717*y + 21340 = 0. List the prime factors of y.
2, 11, 97
Let v(g) be the first derivative of -g**4/4 + 3*g**3 + 5*g**2/2 - 25. Let z be v(5). Suppose 631 = 12*r - z. List the prime factors of r.
3, 7
Let c(u) = 43*u**2 - 68*u - 603. What are the prime factors of c(-11)?
2, 7, 191
Suppose -53*m + 956879 = 66*m. What are the prime factors of m?
11, 17, 43
Let b(w) = 2*w**2 - 17*w + 76. Let t = -208 + 225. List the prime factors of b(t).
5, 73
List the prime factors of 30958*(12 + -10)*1.
2, 23, 673
Suppose 6*u - 99 = -5*u. Suppose u*a = 5*a + 3404. What are the prime factors of a?
23, 37
Let t(p) = -p + 10. Let y be t(8). Suppose 4*d = y*g + 1574, 7*d + 3*g = 3*d + 1569. List the prime factors of d.
3, 131
Suppose 2*y - 697*j + 698*j - 7410 = 0, -y + 3699 = -j. What are the prime factors of y?
7, 23
Let s = -2598 + 14156. List the prime factors of s.
2, 5779
Let y be (-3748)/(-18) - (-6)/(-27). Let i(z) = -2*z**2 - 4*z - 3. Let d be i(5). Let n = y + d. What are the prime factors of n?
3, 5
Let s = -13 - -17. Let o(i) = i**3 - i**2 - 4 + 1 + s + 3. List the prime factors of o(4).
2, 13
Let t(z) = 2*z**2 + 8*z + 8. Let h be t(7). Let s(l) = -l**3 - 47*l + 2. Let u be s(0). Suppose 8*n = u*n + h. List the prime factors of n.
3
Let c be (-4 - (-22)/4)/(2/76). What are the prime factors of 23/4*(c + 35)?
23
Suppose 39891 = -22*u + 25*u - 5*w, 4*w + 13304 = u. What are the prime factors of u?
2, 3323
Let d be (-1 - 0) + (-15 - 2). Let x be 3069/(-186)*(2 + -4). Let b = d + x. What are the prime factors of b?
3, 5
Let o(a) = 15*a + 4. Let f(v) = 51*v + 6. Let t(u) = 103*u + 11. Let k(w) = -13*f(w) + 6*t(w). Let m(q) = 6*k(q) + 17*o(q). What are the prime factors of m(-5)?
71
Let y(z) = 7*z**2 - 81*z + 4. Let t be y(-26). Suppose -2019 = 13*p - t. List the prime factors of p.
7, 53
Let c(l) = -9*l + 39. Let r be c(3). List the prime factors of r + -18 + 2*110.
2, 107
Let s = -37 - -42. Suppose 0 = -s*n - 0*n + 25. Suppose 5*a = -2*t + 213, n*a + 515 = 8*t - 3*t. What are the prime factors of t?
2, 13
List the prime factors of (164/(-10))/((-31)/1017730*7).
2, 7, 41, 67
Suppose 4*c + 4*j = 80, -3*c + 5*j + 92 = -0*c. Suppose -c + 16 = -4*n. Suppose -2*z = m - 61, -n = -4*z + 6. What are the prime factors of m?
3, 19
Suppose 4*z = 24, -67*z = 5*j - 70*z - 108767. What are the prime factors of j?
21757
List the prime factors of (1 - 5)/(-1)*33402/24.
19, 293
Let o = 536 - 535. List the prime factors of o + 1 - (-972 - (-1 + 0)).
7, 139
Let x(d) = d**3 + 34*d**2 - 19*d + 36. What are the prime factors of x(-32)?
2, 673
Let q be 6/8 + 21/(-28). Let v be 10/5 + q - 4. What are the prime factors of 36/(-16)*v*10?
3, 5
Let g = 25301 - 17204. Suppose -7*u = -g - 4769. What are the prime factors of u?
2, 919
Let p(r) = r**2 + 3*r - 43. Let u be p(-7). Let b be 26/(-8) - u/(-20). List the prime factors of (-102)/4*56/(-6) - b.
2, 11
Suppose -3*w - 76881 = -2*n + 38168, -4*w + 287634 = 5*n. List the prime factors of n.
2, 7, 587
Let h = 637 + -388. Suppose -5*m = 3*w - 34, 14*m = 2*w + 16*m - 16. Suppose 204 = w*p - h. List the prime factors of p.
151
Suppose 2*x + 4*p - 14 = 4*x, 4*x + 5*p + 2 = 0. What are the prime factors of (x + 9)*171/2 + 5?
2, 7, 37
Let i(o) = o**2 - 7*o - 11. Let l be i(9). Suppose l*v - 5*v = 396. Suppose -5*n - 4*p - 6 = -249, -v = -4*n - 5*p. List the prime